{"id":1227,"date":"2018-05-31T15:24:11","date_gmt":"2018-05-31T15:24:11","guid":{"rendered":"http:\/\/centrolada.com\/autopartes\/?page_id=1227"},"modified":"2018-12-04T14:27:30","modified_gmt":"2018-12-04T14:27:30","slug":"lada-afalina","status":"publish","type":"page","link":"https:\/\/centrolada.com\/autopartes\/lada-afalina\/","title":{"rendered":"Lada Afalina"},"content":{"rendered":"<p>&nbsp;<br \/>\n<strong>AFALINA -SAMARA 1500 | Datos t\u00e9cnicos <\/strong><\/p>\n<p>Luz de v\u00e1lvulas (En Fr\u00edo): A 0,20mm &#8211; E 0,30mm &#8211; con GNC A 0,25 mm<br \/>\nAjuste tapa de cilindros Preliminar: 5 kg, FINAL 12 kg<br \/>\nRelaci\u00f3n de compresi\u00f3n: 9,9 a 1<br \/>\nCilindrada: 1500 (di\u00e1metro 82mm, carrera 71 mm)<br \/>\nNeum\u00e1ticos: 175\/70R\/13<br \/>\nPotencia: 73 CV<br \/>\nPeso (sin carga): Samara kg &#8211; Afalina 1020 kg<br \/>\nCarga \u00fatil: 475 kg<br \/>\nAceleraci\u00f3n de 0 a 100 km\/h: Samara 13 seg. &#8211; Afalina 14 seg.<br \/>\nVelocidad m\u00e1xima (seg\u00fan manual): Samara 156 km\/h &#8211; Afalina 167 km\/h<br \/>\nCapacidad aceite motor: 3,5 litros (incluye filtro de aceite) (20W &#8211; 40)<br \/>\nCapacidad aceite caja de velocidades: 3,3 litros (85W- 90 API GL-5)<br \/>\nCapacidad de refrigerante: 7,8 litros<br \/>\nLuz de buj\u00edas: 0,5\/0,6 mm<br \/>\nCapacidad de combustible: 43 litros (incluidos 4 a 6,5 litros de reserva)<\/p>\n","protected":false},"excerpt":{"rendered":"<p>Luz de v\u00e1lvulas A 0,20mm E 0,30mm con GNC A 0,25 mm E 0,35 mm<br \/>\nAjuste tapa de cilindros Preliminar 5 kg, FINAL 12 kg<br \/>\nRelaci\u00f3n de compresi\u00f3n 9,9 a 1<br \/>\nCilindrada 1500 (di\u00e1metro 82mm, carrera 71 mm)<\/p>\n","protected":false},"author":2,"featured_media":1214,"parent":0,"menu_order":0,"comment_status":"closed","ping_status":"closed","template":"","meta":{"footnotes":""},"class_list":["post-1227","page","type-page","status-publish","has-post-thumbnail","hentry"],"yoast_head":"<!-- This site is optimized with the Yoast SEO plugin v27.3 - https:\/\/yoast.com\/product\/yoast-seo-wordpress\/ -->\n<title>Lada Afalina - CENTRO LADA REPUESTOS<\/title>\n<meta name=\"robots\" content=\"index, follow, max-snippet:-1, max-image-preview:large, max-video-preview:-1\" \/>\n<link rel=\"canonical\" href=\"https:\/\/centrolada.com\/autopartes\/lada-afalina\/\" \/>\n<meta property=\"og:locale\" content=\"es_ES\" \/>\n<meta property=\"og:type\" content=\"article\" \/>\n<meta property=\"og:title\" content=\"Lada Afalina - CENTRO LADA REPUESTOS\" \/>\n<meta property=\"og:description\" content=\"Luz de v\u00e1lvulas A 0,20mm E 0,30mm con GNC A 0,25 mm E 0,35 mm Ajuste tapa de cilindros Preliminar 5 kg, FINAL 12 kg Relaci\u00f3n de compresi\u00f3n 9,9 a 1 Cilindrada 1500 (di\u00e1metro 82mm, carrera 71 mm)\" \/>\n<meta property=\"og:url\" content=\"https:\/\/centrolada.com\/autopartes\/lada-afalina\/\" \/>\n<meta property=\"og:site_name\" content=\"CENTRO LADA REPUESTOS\" \/>\n<meta property=\"article:modified_time\" content=\"2018-12-04T14:27:30+00:00\" \/>\n<meta property=\"og:image\" content=\"https:\/\/centrolada.com\/autopartes\/wp-content\/uploads\/2018\/05\/lada_afalina-e1527780752903.jpg\" \/>\n\t<meta property=\"og:image:width\" content=\"704\" \/>\n\t<meta property=\"og:image:height\" content=\"499\" \/>\n\t<meta property=\"og:image:type\" content=\"image\/jpeg\" \/>\n<meta name=\"twitter:card\" content=\"summary_large_image\" \/>\n<meta name=\"twitter:label1\" content=\"Tiempo de lectura\" \/>\n\t<meta name=\"twitter:data1\" content=\"1 minuto\" \/>\n<script type=\"application\/ld+json\" class=\"yoast-schema-graph\">{\"@context\":\"https:\\\/\\\/schema.org\",\"@graph\":[{\"@type\":\"WebPage\",\"@id\":\"https:\\\/\\\/centrolada.com\\\/autopartes\\\/lada-afalina\\\/\",\"url\":\"https:\\\/\\\/centrolada.com\\\/autopartes\\\/lada-afalina\\\/\",\"name\":\"Lada Afalina - CENTRO LADA REPUESTOS\",\"isPartOf\":{\"@id\":\"https:\\\/\\\/centrolada.com\\\/autopartes\\\/#website\"},\"primaryImageOfPage\":{\"@id\":\"https:\\\/\\\/centrolada.com\\\/autopartes\\\/lada-afalina\\\/#primaryimage\"},\"image\":{\"@id\":\"https:\\\/\\\/centrolada.com\\\/autopartes\\\/lada-afalina\\\/#primaryimage\"},\"thumbnailUrl\":\"https:\\\/\\\/centrolada.com\\\/autopartes\\\/wp-content\\\/uploads\\\/2018\\\/05\\\/lada_afalina-e1527780752903.jpg\",\"datePublished\":\"2018-05-31T15:24:11+00:00\",\"dateModified\":\"2018-12-04T14:27:30+00:00\",\"breadcrumb\":{\"@id\":\"https:\\\/\\\/centrolada.com\\\/autopartes\\\/lada-afalina\\\/#breadcrumb\"},\"inLanguage\":\"es\",\"potentialAction\":[{\"@type\":\"ReadAction\",\"target\":[\"https:\\\/\\\/centrolada.com\\\/autopartes\\\/lada-afalina\\\/\"]}]},{\"@type\":\"ImageObject\",\"inLanguage\":\"es\",\"@id\":\"https:\\\/\\\/centrolada.com\\\/autopartes\\\/lada-afalina\\\/#primaryimage\",\"url\":\"https:\\\/\\\/centrolada.com\\\/autopartes\\\/wp-content\\\/uploads\\\/2018\\\/05\\\/lada_afalina-e1527780752903.jpg\",\"contentUrl\":\"https:\\\/\\\/centrolada.com\\\/autopartes\\\/wp-content\\\/uploads\\\/2018\\\/05\\\/lada_afalina-e1527780752903.jpg\",\"width\":704,\"height\":499},{\"@type\":\"BreadcrumbList\",\"@id\":\"https:\\\/\\\/centrolada.com\\\/autopartes\\\/lada-afalina\\\/#breadcrumb\",\"itemListElement\":[{\"@type\":\"ListItem\",\"position\":1,\"name\":\"Portada\",\"item\":\"https:\\\/\\\/centrolada.com\\\/autopartes\\\/\"},{\"@type\":\"ListItem\",\"position\":2,\"name\":\"Lada Afalina\"}]},{\"@type\":\"WebSite\",\"@id\":\"https:\\\/\\\/centrolada.com\\\/autopartes\\\/#website\",\"url\":\"https:\\\/\\\/centrolada.com\\\/autopartes\\\/\",\"name\":\"CENTRO LADA REPUESTOS\",\"description\":\"Autopartes de multi marca\",\"publisher\":{\"@id\":\"https:\\\/\\\/centrolada.com\\\/autopartes\\\/#organization\"},\"potentialAction\":[{\"@type\":\"SearchAction\",\"target\":{\"@type\":\"EntryPoint\",\"urlTemplate\":\"https:\\\/\\\/centrolada.com\\\/autopartes\\\/?s={search_term_string}\"},\"query-input\":{\"@type\":\"PropertyValueSpecification\",\"valueRequired\":true,\"valueName\":\"search_term_string\"}}],\"inLanguage\":\"es\"},{\"@type\":\"Organization\",\"@id\":\"https:\\\/\\\/centrolada.com\\\/autopartes\\\/#organization\",\"name\":\"CENTRO LADA REPUESTOS\",\"url\":\"https:\\\/\\\/centrolada.com\\\/autopartes\\\/\",\"logo\":{\"@type\":\"ImageObject\",\"inLanguage\":\"es\",\"@id\":\"https:\\\/\\\/centrolada.com\\\/autopartes\\\/#\\\/schema\\\/logo\\\/image\\\/\",\"url\":\"https:\\\/\\\/centrolada.com\\\/autopartes\\\/wp-content\\\/uploads\\\/2018\\\/05\\\/logo_autopartes.png\",\"contentUrl\":\"https:\\\/\\\/centrolada.com\\\/autopartes\\\/wp-content\\\/uploads\\\/2018\\\/05\\\/logo_autopartes.png\",\"width\":180,\"height\":109,\"caption\":\"CENTRO LADA REPUESTOS\"},\"image\":{\"@id\":\"https:\\\/\\\/centrolada.com\\\/autopartes\\\/#\\\/schema\\\/logo\\\/image\\\/\"}}]}<\/script>\n<!-- \/ Yoast SEO plugin. -->","yoast_head_json":{"title":"Lada Afalina - CENTRO LADA REPUESTOS","robots":{"index":"index","follow":"follow","max-snippet":"max-snippet:-1","max-image-preview":"max-image-preview:large","max-video-preview":"max-video-preview:-1"},"canonical":"https:\/\/centrolada.com\/autopartes\/lada-afalina\/","og_locale":"es_ES","og_type":"article","og_title":"Lada Afalina - CENTRO LADA REPUESTOS","og_description":"Luz de v\u00e1lvulas A 0,20mm E 0,30mm con GNC A 0,25 mm E 0,35 mm Ajuste tapa de cilindros Preliminar 5 kg, FINAL 12 kg Relaci\u00f3n de compresi\u00f3n 9,9 a 1 Cilindrada 1500 (di\u00e1metro 82mm, carrera 71 mm)","og_url":"https:\/\/centrolada.com\/autopartes\/lada-afalina\/","og_site_name":"CENTRO LADA REPUESTOS","article_modified_time":"2018-12-04T14:27:30+00:00","og_image":[{"width":704,"height":499,"url":"https:\/\/centrolada.com\/autopartes\/wp-content\/uploads\/2018\/05\/lada_afalina-e1527780752903.jpg","type":"image\/jpeg"}],"twitter_card":"summary_large_image","twitter_misc":{"Tiempo de lectura":"1 minuto"},"schema":{"@context":"https:\/\/schema.org","@graph":[{"@type":"WebPage","@id":"https:\/\/centrolada.com\/autopartes\/lada-afalina\/","url":"https:\/\/centrolada.com\/autopartes\/lada-afalina\/","name":"Lada Afalina - CENTRO LADA REPUESTOS","isPartOf":{"@id":"https:\/\/centrolada.com\/autopartes\/#website"},"primaryImageOfPage":{"@id":"https:\/\/centrolada.com\/autopartes\/lada-afalina\/#primaryimage"},"image":{"@id":"https:\/\/centrolada.com\/autopartes\/lada-afalina\/#primaryimage"},"thumbnailUrl":"https:\/\/centrolada.com\/autopartes\/wp-content\/uploads\/2018\/05\/lada_afalina-e1527780752903.jpg","datePublished":"2018-05-31T15:24:11+00:00","dateModified":"2018-12-04T14:27:30+00:00","breadcrumb":{"@id":"https:\/\/centrolada.com\/autopartes\/lada-afalina\/#breadcrumb"},"inLanguage":"es","potentialAction":[{"@type":"ReadAction","target":["https:\/\/centrolada.com\/autopartes\/lada-afalina\/"]}]},{"@type":"ImageObject","inLanguage":"es","@id":"https:\/\/centrolada.com\/autopartes\/lada-afalina\/#primaryimage","url":"https:\/\/centrolada.com\/autopartes\/wp-content\/uploads\/2018\/05\/lada_afalina-e1527780752903.jpg","contentUrl":"https:\/\/centrolada.com\/autopartes\/wp-content\/uploads\/2018\/05\/lada_afalina-e1527780752903.jpg","width":704,"height":499},{"@type":"BreadcrumbList","@id":"https:\/\/centrolada.com\/autopartes\/lada-afalina\/#breadcrumb","itemListElement":[{"@type":"ListItem","position":1,"name":"Portada","item":"https:\/\/centrolada.com\/autopartes\/"},{"@type":"ListItem","position":2,"name":"Lada Afalina"}]},{"@type":"WebSite","@id":"https:\/\/centrolada.com\/autopartes\/#website","url":"https:\/\/centrolada.com\/autopartes\/","name":"CENTRO LADA REPUESTOS","description":"Autopartes de multi marca","publisher":{"@id":"https:\/\/centrolada.com\/autopartes\/#organization"},"potentialAction":[{"@type":"SearchAction","target":{"@type":"EntryPoint","urlTemplate":"https:\/\/centrolada.com\/autopartes\/?s={search_term_string}"},"query-input":{"@type":"PropertyValueSpecification","valueRequired":true,"valueName":"search_term_string"}}],"inLanguage":"es"},{"@type":"Organization","@id":"https:\/\/centrolada.com\/autopartes\/#organization","name":"CENTRO LADA REPUESTOS","url":"https:\/\/centrolada.com\/autopartes\/","logo":{"@type":"ImageObject","inLanguage":"es","@id":"https:\/\/centrolada.com\/autopartes\/#\/schema\/logo\/image\/","url":"https:\/\/centrolada.com\/autopartes\/wp-content\/uploads\/2018\/05\/logo_autopartes.png","contentUrl":"https:\/\/centrolada.com\/autopartes\/wp-content\/uploads\/2018\/05\/logo_autopartes.png","width":180,"height":109,"caption":"CENTRO LADA REPUESTOS"},"image":{"@id":"https:\/\/centrolada.com\/autopartes\/#\/schema\/logo\/image\/"}}]}},"_links":{"self":[{"href":"https:\/\/centrolada.com\/autopartes\/wp-json\/wp\/v2\/pages\/1227","targetHints":{"allow":["GET"]}}],"collection":[{"href":"https:\/\/centrolada.com\/autopartes\/wp-json\/wp\/v2\/pages"}],"about":[{"href":"https:\/\/centrolada.com\/autopartes\/wp-json\/wp\/v2\/types\/page"}],"author":[{"embeddable":true,"href":"https:\/\/centrolada.com\/autopartes\/wp-json\/wp\/v2\/users\/2"}],"replies":[{"embeddable":true,"href":"https:\/\/centrolada.com\/autopartes\/wp-json\/wp\/v2\/comments?post=1227"}],"version-history":[{"count":11,"href":"https:\/\/centrolada.com\/autopartes\/wp-json\/wp\/v2\/pages\/1227\/revisions"}],"predecessor-version":[{"id":1348,"href":"https:\/\/centrolada.com\/autopartes\/wp-json\/wp\/v2\/pages\/1227\/revisions\/1348"}],"wp:featuredmedia":[{"embeddable":true,"href":"https:\/\/centrolada.com\/autopartes\/wp-json\/wp\/v2\/media\/1214"}],"wp:attachment":[{"href":"https:\/\/centrolada.com\/autopartes\/wp-json\/wp\/v2\/media?parent=1227"}],"curies":[{"name":"wp","href":"https:\/\/api.w.org\/{rel}","templated":true}]}}